nder when 8 is divided by u(z).
0
Let i(m) = -m**2 - 15*m + 6. Suppose 3*f = -t - 32, 3*t = -5*f - 28 - 28. Let x(n) = 30*n - 15. Calculate the remainder when i(f) is divided by x(1).
11
What is the remainder when 220 is divided by (6/5)/(-3)*(-30)/4?
1
Let b be 8/56 - 702/14. Let q = b + 67. Calculate the remainder when 66 is divided by q.
15
Suppose 0 = -9*t + 4*t + 200. Let p(u) = u**3 - 28*u**2 + 25*u + 27. Let c be p(27). Let q = c + t. Calculate the remainder when 50 is divided by q.
11
Suppose -f = 33*a - 32*a - 4, -3*f + 16 = 4*a. Calculate the remainder when 755 is divided by a.
3
Suppose -3*i - 4*w = -69, 6*i - 4*w = 10*i - 96. Suppose 57*g - i = 54*g. What is the remainder when 33 is divided by g?
6
Calculate the remainder when 7 is divided by 2 - 3*(-1)/(-3)*-3.
2
Suppose 2*m - 5*q - 41 = 0, 4*q - 66 = -4*m + 2. Suppose 4*l + 88 - 220 = 0. Calculate the remainder when l is divided by m.
15
Suppose 5*t = -10, -z - 13*t + 49 = -16*t. What is the remainder when z is divided by 14?
1
Let q = 19 - 17. Suppose o + 29 = q*f, -o - o + 86 = 5*f. Calculate the remainder when f is divided by 9.
7
Let c = -91 - -106. Let n = c - -12. Calculate the remainder when n is divided by 15.
12
Let l = 37 - 16. Calculate the remainder when (348/(-290))/(2/(-100)) is divided by l.
18
Let w = -76 - -106. What is the remainder when w is divided by (-28)/(-6)*((-56)/(-16) + -2)?
2
Let h(b) = b**3 - 9*b**2 - 10*b + 3. Let g be h(10). Suppose 0*v = -g*i + 2*v + 295, -i = -2*v - 105. Calculate the remainder when i is divided by 12.
11
Suppose -w + 3 = -0*w + 3*p, -2*w = -p - 20. Suppose -2*j = -3*i + 95, -j = 3*i - 31 - 70. What is the remainder when i is divided by w?
6
Let s(z) be the second derivative of -2*z**3/3 - 3*z**2 - 8*z. What is the remainder when 2/(-7) + (-51)/(-7) is divided by s(-3)?
1
Suppose 0 = 4*b - 5*t - 8, 2*b + 4*t - 4 = -t. Suppose 3*w - b*w + 3*l = 35, 2*l + 98 = 4*w. Let f = 1 + w. Calculate the remainder when 52 is divided by f.
25
Suppose -2*r = -11 - 21. Suppose -p + 160 = 3*p. Suppose -46 - p = -w + 5*q, 178 = 3*w + q. Calculate the remainder when w is divided by r.
13
Let c be 2246/18 - (-22)/99. Suppose -6*l + l = -c. Let u = 27 + -14. What is the remainder when l is divided by u?
12
Let a(f) = 2*f + 3. Let z be a(-3). Let u be ((-9)/z + 26)*2. Let p = -10 + u. What is the remainder when p is divided by 17?
14
Let q = 744 + -738. Calculate the remainder when 17 is divided by q.
5
Let y = 38 + 44. Calculate the remainder when y is divided by 23.
13
Let a(m) = m**2 + 7*m - 65. Suppose s - 2*p = -4*s + 179, -s + 25 = -4*p. What is the remainder when s is divided by a(-13)?
11
Suppose u - 27 = 4. Let t(y) = 5*y**3 + 26*y**2 + 2*y + 1. What is the remainder when u is divided by t(-5)?
15
Let z be (31/2)/(14/(-28)). Let m = z + 63. What is the remainder when 93 is divided by m?
29
Suppose 2796*x - 2787*x = 828. Calculate the remainder when x is divided by 35.
22
Suppose -3*k = -2*n + 162, 6*k + 158 = 2*n + k. Calculate the remainder when n is divided by 22.
18
Suppose 4*c + 84 = 7*c. Suppose 3*i = 2*i + c. What is the remainder when 81 is divided by i?
25
Let k(z) = -z - 2. Let o be k(-7). Suppose 2*l + 2*s - 24 = 0, l + o*s = 18 + 2. Suppose -l*v = -11*v + 10. What is the remainder when v is divided by 3?
1
Suppose 0 = -2*a + 10, 0*a = 2*f + 5*a - 41. Suppose f*v - 13*v + 25 = 0. Suppose 0 = v*n + 48 - 138. What is the remainder when 52 is divided by n?
16
What is the remainder when 2 - -142 - 9 - 9 is divided by 41?
3
Let o be -243 + -4*(-4 + 3). Let h = -156 - o. Calculate the remainder when h is divided by 17.
15
Let r = 394 + -285. What is the remainder when r is divided by 29?
22
Let n(t) = -t**3 + 61*t**2 - 68*t + 485. Let j be -2 - 1*(0 - 7). Suppose 5*z = -20, j*m + 4 = -z + 10. What is the remainder when n(60) is divided by m?
1
Suppose -19*z + 42 = -17*z. Calculate the remainder when 37 is divided by z.
16
Let d(b) = 5*b**2 + 33*b + 21. What is the remainder when 128 is divided by d(-7)?
23
Let d = 91 - -21. What is the remainder when 340 is divided by d?
4
Let z = -353 - -369. What is the remainder when z is divided by 6?
4
Suppose -g + 0*f + 29 = -5*f, -2*g = f - 113. Let x be (0 - 2)*g/(-3). What is the remainder when x*(33/6 + -3) is divided by 23?
21
Let k(z) be the second derivative of z**5/24 - 5*z**3/6 - 5*z. Let m(w) be the second derivative of k(w). Calculate the remainder when 17 is divided by m(2).
7
Suppose -6*t = 68 + 28. What is the remainder when (-2)/t*-1 - 1668/(-32) is divided by 21?
10
Let b = -4021 + 2733. Let c = -7 + 31. What is the remainder when (b/(-70))/(2/5) is divided by c?
22
Let c = 73 + -67. Let p = 1 - -2. Calculate the remainder when 4 + ((-4)/c)/(2/(-15)) is divided by p.
0
Calculate the remainder when (-2 - -6)/(-12) - (-41048)/42 is divided by 14.
11
Suppose y = -2*m - 0*y + 4, 3*y + 8 = 4*m. Calculate the remainder when 53*(-2 + (m - (0 + -1))) is divided by (20/(-3) + 2)*-6.
25
Let w = -1 - 2. Let o = 54 - 26. Calculate the remainder when o is divided by (-122)/(-8) + w/(-4).
12
Calculate the remainder when 484 is divided by -8 - -38 - -3*(-1 + 0).
25
Let g = -46 - 24. Let j = -22 - g. Calculate the remainder when j is divided by 17.
14
Let x(v) = -5*v + 4. Let n be x(5). What is the remainder when 157 is divided by (1 - -2)*28/n*-8?
29
Suppose 2*j + 3*j = -3*t + 12, -4*j = -3*t - 15. Suppose -j*y - u = -4*y + 25, 5*y = u + 113. Calculate the remainder when 87 is divided by y.
21
Let d(p) = -p**3 - 6*p**2 + 4*p + 10. Let k be d(-7). Let a = -58 + k. Calculate the remainder when (126/10)/(a/(-90)) is divided by 16.
10
Suppose -2*g + 108 = 2*g. Suppose -6*l + 5*l + 1 = 0. What is the remainder when g is divided by l*(1 - 0)*14?
13
Suppose 75 = -y + 4*y. Suppose -a = -4*z - 18, -4*a - y = -5*a - 3*z. Calculate the remainder when 19 is divided by (0 + 2)*a/4.
8
Let r = -620 + 653. What is the remainder when 64 is divided by r?
31
Suppose 17 = -3*s + 104. Let j = 65 - 49. What is the remainder when s is divided by j?
13
Suppose -1040 = -3*u - q + 1, 1735 = 5*u + q. What is the remainder when u is divided by 35?
32
Calculate the remainder when 2/(-10) - (-61248)/165 is divided by 29.
23
Suppose -5*p = -12 - 73. Suppose -5*b + 0*t + 45 = t, -4*b + 3*t = -p. What is the remainder when b is divided by 3?
2
Let t be ((-3)/6 + 0)*-108. Suppose -g + w = -16, -4*w - t + 16 = -2*g. Let y = -43 + 79. What is the remainder when y is divided by g?
10
Let j(f) = -142*f**2 - 194*f + 1. Calculate the remainder when j(-1) is divided by ((-2)/(-4))/((-1)/(-28)).
11
Let t = -265 + 292. Calculate the remainder when 160 is divided by t.
25
Suppose -3*u = 2*z - 153, 0 = 4*z - 6*z. Calculate the remainder when u is divided by 19.
13
Let a be 12/30 + 7/(-5) + 3. What is the remainder when 6420/36 - a/(-3) is divided by 45?
44
Let h = 683 + -652. What is the remainder when 493 is divided by h?
28
Let b(u) = 6*u**2 - 4. Let n(a) = 7*a**2 - 4. Let g(d) = 6*b(d) - 5*n(d). What is the remainder when 4 - (-152 - (0 + 2)) is divided by g(-6)?
30
Suppose 6 = 2*y - 3*n, 5*n + 44 = -3*y + 15. Let z(j) be the third derivative of -j**4/8 - j**3/3 + 160*j**2. What is the remainder when 20 is divided by z(y)?
6
Let z(k) = 2*k**2 + 30*k + 10. Calculate the remainder when 94 is divided by z(-16).
10
What is the remainder when 0/(-3) - (9 - 73) is divided by 17?
13
Let h(y) = 5*y - 2. Suppose 7*r + 40 = 12*r. Calculate the remainder when h(r) is divided by 13.
12
Let r(c) be the first derivative of -5*c**2/2 + 5*c - 5. Calculate the remainder when 68 is divided by r(-6).
33
Suppose -3*i - 9 = -4*k - 38, 3*k = -i + 14. What is the remainder when (72/(-10))/(2/(-15)) is divided by i?
10
Suppose 535 = 4*i - 101. What is the remainder when i is divided by 40?
39
Let g(x) = -x**2 + 4*x + 9. Let o be g(7). Let j be 4/(o/1)*-3. What is the remainder when 15 is divided by 2 + 3/j + 4?
6
Suppose 0 = -2*j + g + 2*g + 16, -2*j - 3*g + 4 = 0. Let x = -31 - -31. Suppose -6*n + n + 70 = x. What is the remainder when n is divided by j?
4
Let k(u) = -127 + 127 - 7*u. Suppose 0*r + 28 = -5*b + r, 0 = -4*b - 5*r - 34. What is the remainder when k(b) is divided by 22?
20
Let c = 200 + -173. Calculate the remainder when c is divided by 10.
7
Su